e l/(-3)*(-1482)/(-95). What is the highest common divisor of x and 32?
32
Suppose -32*q = -31868 + 12028. Suppose 0 = -629*m + q*m + 54. What is the greatest common divisor of m and 2?
2
Let n = -5 + 5. Suppose -4*w + w + 45 = n. Let m = 4015 + -4000. Calculate the greatest common factor of m and w.
15
Suppose 50*r + 15 = 55*r, 4*i + 4*r = 600. Let x(s) = s**3 + 9*s**2 - 11*s - 1. Let a be x(-9). What is the greatest common divisor of a and i?
49
Let x(k) = -14*k**2 - 164*k - 2. Suppose 8*d + 67 = -5*q + 4*d, 5*d - 7 = 2*q. Let t be x(q). Calculate the greatest common divisor of t and 27.
27
Let p(r) = -120*r - 3128. Let c be p(-31). Calculate the highest common factor of c and 185.
37
Let k = -1151 - -1213. Calculate the highest common divisor of k and 992.
62
Let a(d) = -2*d**3 + 39*d**2 - 9*d - 133. Let t be a(19). Calculate the highest common divisor of 7239 and t.
57
Let s = 44 - 18. Suppose -4*q = -d + 42, -1516*d + 96 = -1512*d - 4*q. Suppose -d*j = -s*j + 104. Calculate the greatest common factor of j and 104.
13
Suppose -o = 3*z - 1724, 74*o - 71*o = 3*z - 1728. Let i = -33 + 56. Calculate the highest common factor of z and i.
23
Suppose 16*u + 116 = 2*r + 15*u, 0 = -8*r - 2*u + 488. Let b = -155 - -275. What is the highest common divisor of r and b?
60
Let z(k) = k**2 - 3*k + 17 + 2*k + 5*k. Suppose 756 = -180*n + 72*n. Let t be z(n). Calculate the greatest common factor of 152 and t.
38
Suppose -5*g - 10*v + 11720 = 0, -5*g + 15*v - 14*v = -11731. Calculate the highest common factor of g and 276.
138
Let h(k) = -25*k**2 + 157*k - 8. Let i be h(5). Calculate the highest common factor of i and 1026.
38
Suppose 5*j - 119 = -t, -5*t + 829 = -54*j + 53*j. Calculate the highest common divisor of 8692 and t.
164
Suppose x - c + 93 = 4*x, 0 = -5*x - c + 157. Suppose 0 = 4*t + t + 260. Let z be (3 + t/20)*80. Calculate the highest common factor of x and z.
32
Suppose 3*c + 9 = -4*w + 2*w, 3*w = c + 14. Suppose 0 = -5*g - 0*g - s + 40, 5*s - 24 = -w*g. Calculate the greatest common factor of 22 and g.
2
Let k be ((-390)/75)/(6/(-315)). Suppose 4*v + 2*i - 56 = 122, 5*i + 143 = 4*v. Calculate the greatest common divisor of v and k.
21
Let v be 24/(-36)*-1*3075. What is the highest common divisor of v and 902?
82
Let n be 1164/192 + 38/(-608). What is the greatest common factor of n and 1054?
2
Let r be -220*2/(-7)*(-70)/(-40). Let w = 133 - 67. Calculate the highest common divisor of w and r.
22
Suppose 11 = -5*q - 4. Let x be 392/7 + q - 3/1. Calculate the greatest common divisor of 10 and x.
10
Suppose 0 = -2*b + 4, -77*r = -83*r - 5*b + 1564. Calculate the greatest common factor of 2146 and r.
37
Let l = 1702 - 430. Calculate the highest common divisor of l and 2.
2
Let f = 7894 + 12107. Calculate the highest common factor of 59 and f.
59
Suppose 3*x = 3*w + 5694 + 669, -8460 = -4*x - 2*w. What is the highest common divisor of 319 and x?
29
Suppose -4*v = -2*v - 16. Let u be 200/(4 + 0)*28/7. Calculate the highest common factor of v and u.
8
Let m(p) = 6*p**2 - 70*p + 326. Let a be m(5). Calculate the greatest common factor of 70 and a.
14
Let y = -2609 + 2611. What is the greatest common factor of y and 478?
2
Suppose 367 = 2*b - 3*g, -52 = -2*b - 4*g + 294. What is the highest common divisor of 3 and b?
1
Let y(z) = 20*z**2 + 709*z - 2131. Let p be y(3). Suppose 106 = -2*q + 986. What is the greatest common divisor of q and p?
88
Let i = -118 + 117. Let s be i/(-3) - 20976/(-171). Calculate the greatest common factor of 3 and s.
3
Let q = -78 - -77. Let g = q - -3. Suppose -a - 16 = -c + 3*a, -5*c + g*a = -80. What is the greatest common divisor of 24 and c?
8
Let r be (-2)/(-6) - (-3 + (-4)/(-3)). Suppose r = -3*w + 65. Calculate the greatest common divisor of w and 3.
3
Let l(n) = -4*n - 1. Let b be l(-6). Suppose -4*p - d + b = -541, -5*d + 20 = 0. Let x = 2357 - 2337. What is the greatest common divisor of p and x?
20
Let j be (48/14)/(1/56). Suppose -j + 2768 = 23*w. Calculate the highest common divisor of 16 and w.
16
Let g(p) = -p**3 + 24*p**2 + 55*p - 11. Let b be g(26). Let t(c) = 10*c**3 + 3*c + 8. Let i be t(5). Calculate the highest common divisor of b and i.
67
Suppose -4*z + 65 = 2*w - 71, 5*z - 5*w = 155. Calculate the greatest common divisor of z and 84.
3
Let v = -22400 + 22419. What is the highest common divisor of v and 1634?
19
Let d be (1/(6/42*7))/((-3)/(-480)). What is the greatest common divisor of 256 and d?
32
Suppose 83*u + 848 - 2748 = 2416. What is the highest common divisor of 1898 and u?
26
Suppose 0 = -3*k + 4*k + 4. Let r be (534/k)/(-3)*(3 - 1). Let y = r - 57. Calculate the highest common divisor of 24 and y.
8
Let u be -3*((-2)/(-4))/((-4)/(-456)). Let s = u + 176. What is the highest common factor of 40 and s?
5
Let f = 228 - 223. Suppose 5*o = 3*m + 4*o - 377, -5*o = f*m - 635. Calculate the greatest common divisor of 42 and m.
42
Let a(j) = 49 + 50 + 18 + 28*j - j**2 - 19. Let p be a(31). Suppose p*n - 3*y = 20, 6*y = -n + y + 32. What is the highest common factor of n and 7?
7
Suppose 7 = 5*k - 58. Let p(a) = -a**2 + 23*a - 50. Let d be p(4). Calculate the greatest common factor of d and k.
13
Let y be 11/((-33)/27) + 297. Suppose 2*i - f = 93, 251 = 4*i - 3*f + 62. Calculate the highest common factor of y and i.
9
Let g be 28 + 1 + 27 + -17. Calculate the highest common factor of g and 1833.
39
Suppose 4*c - a - 163 = 2*c, 4*a = -5*c + 401. Suppose c*l - 747 = 72*l. What is the greatest common factor of l and 1162?
83
Let s = 145 + -139. Let i(o) = 22*o**2 - 3*o - 4. Let h(f) = f - 2. Let p be h(4). Let x be i(p). What is the highest common factor of s and x?
6
Let t be -1 + (2 - (-1 + -2)). Let k be (((-2730)/8)/(-13))/((-1)/(-4)). Let r = k - 61. What is the greatest common factor of r and t?
4
Let b be 4 + 210/(-55) - (-31)/11. Suppose -2*v = -4*u + 354, -b*v - 167 = 2*u - 4*u. Calculate the greatest common factor of u and 13.
13
Suppose -w + 90 = 5*n, -29 = -n + 13*w - 11*w. Let l = 28 + 257. Calculate the greatest common factor of n and l.
19
Suppose 20 = h - 6*h, -4*h = 3*s + 1. Suppose z = 6*z + s, 2*j = -3*z + 17. Calculate the greatest common divisor of 10 and j.
10
Let g be -9 - (11673/(-9) + 8). What is the highest common factor of 360 and g?
40
Let f(u) = 3*u + 47 - 7*u + u. Let c be (84/(-36))/(8 + 100/(-12)). Let h be f(c). Calculate the greatest common divisor of 117 and h.
13
Suppose 38*j = -10274 + 17097 + 35243. What is the greatest common factor of 27 and j?
27
Let u = 158025 + -157986. Suppose 5*i = 3*i + 2*m + 44, 4*m = i - 16. Calculate the greatest common divisor of u and i.
3
Let z be ((-430)/8)/((-16)/64). Suppose 3*p + p = 0, 5*v + 3*p - z = 0. Suppose 14*b - 1066 = 5556. What is the greatest common factor of v and b?
43
Suppose 72*x - 24 = 6120 + 1200. What is the highest common divisor of 561 and x?
51
Let m(x) = 20022*x**2 + 70*x - 1. Let v be m(1). Calculate the highest common divisor of 111 and v.
111
Suppose 6*w - 5*w - 2*n = 32, -w - 2*n + 8 = 0. What is the highest common divisor of 1204 and w?
4
Let b be ((-1530)/27 + -4)*(-3)/2. Calculate the greatest common divisor of 143 and b.
13
Let c be ((-66)/8)/(3/(-60)). Let f = -1004 - -1037. What is the greatest common factor of c and f?
33
Let m be (-12)/(-9)*3/2 + 4. Suppose 57 + 45 = m*i. Let r = i - -3. What is the highest common divisor of 20 and r?
20
Let h = 531 + -544. Let d be 5/(-4) + ((-12753)/36)/h. Calculate the greatest common factor of d and 494.
26
Suppose -3*b - 12 = 0, 2*p = 3*b - 2 + 18. Suppose 2*i = 14*c - 15*c + 131, 4*c - 128 = -p*i. Calculate the highest common factor of 231 and i.
33
Let w(j) = 25*j**2 - 29*j + 231. Let g be w(8). Calculate the highest common divisor of g and 26.
13
Let w(z) = z**2 + 12*z - 121. Let j be w(7). Calculate the highest common divisor of 33 and j.
3
Let z be 19 - 5/15*-6. What is the highest common factor of 1351 and z?
7
Let d(n) be the third derivative of -n**6/8 - n**5/30 + n**4/24 + n**3/2 - 90*n**2. Let j be d(-1). Calculate the highest common divisor of j and 12.
3
Let g be (-6)/1*-47*16/(-8). Let a = -549 - g. What is the greatest common divisor of a and 60?
15
Let s be ((805/46)/((-3)/(-2)))/(5/18). Calculate the greatest common factor of s and 3528.
42